t x(g) = 3*g**2 - 7*g + 17. Let t be 1311/21 - (-12)/21. Suppose 5*n - 2*i - t = -5*i, -4*i = 5*n - 59. Is x(n) composite?
False
Let s(d) = d**3 + 21*d**2 - 50*d + 206. Let k be s(-20). Let h be -1 + 0 + 1 + -2. Is (k/3 + -4)*(-3)/h composite?
False
Let a = -61 + 58. Let x be 9 + 2 + 0 + 1. Is 3496/x*a/(-2) prime?
False
Suppose -496 = -g - 5*n, -g + 2*n + 1556 = 2*g. Suppose -3*j + 4473 - g = 5*q, 0 = -3*j + q + 3957. Is j a prime number?
True
Is 13859 + (-11 - (4 + -6)) + -1 a prime number?
False
Suppose -4*c - 2*v + 7*v + 357 = 0, -450 = -5*c + 5*v. Let n = 130 - c. Suppose 0 = b - n - 174. Is b prime?
True
Suppose 41*m + 16*m = 1026. Suppose -17*a + m*a - 10225 = -3*f, 2*a = -3*f + 20456. Is a composite?
True
Suppose 4*w - 5 = 3*w. Suppose w*b + 10324 = 4*y + 2*b, 2*y - b = 5162. Is y prime?
False
Let d(m) = m + 19. Let h be d(-13). Suppose -2*c + h + 10 = 0. Let y(n) = -n**3 + 19*n**2 + 5*n + 7. Is y(c) composite?
False
Suppose 11*f = 2402 + 4649. Is f a composite number?
False
Let d = -743437 - -1086716. Is d a prime number?
False
Let n(c) = -26*c**3 - 10*c**2 + 4*c + 359. Is n(-16) composite?
False
Let m be ((-3)/(-2) + -1)/((-4)/(-24)). Is 2/m - (-38841)/99 a composite number?
True
Suppose 4*i + 3*o - 10255 = 0, 4*i + o - 4315 = 5946. Suppose -u = -2*v - 126 + 817, 3*u - 687 = -2*v. Let x = i - v. Is x a prime number?
True
Suppose -1550648 = 419*k - 68578497. Is k composite?
True
Suppose -4*v - 2*f + 757212 = 0, 2*v + 117*f - 378610 = 115*f. Is v a composite number?
True
Suppose 15*t + 195 = 20*t. Let o(r) = -23*r**3 - r**2. Let m be o(1). Let i = t + m. Is i prime?
False
Suppose -25*j + 23*j = -6428. Suppose 0 = 3*q - j - 317. Is q a composite number?
True
Let x = -109 - -109. Suppose -8*b + 12*b - 1156 = x. Is b composite?
True
Suppose -572570 = -54*b + 1280116. Is b prime?
False
Let y = -252089 - -453743. Suppose -20*z + y - 69694 = 0. Is z a prime number?
False
Suppose n - 331258 = -i, -2*n - 498*i + 662519 = -499*i. Is n prime?
True
Let i = -41 + 44. Let h be (-270 + 3)/i - 2. Is 21134/26 + (-14)/h prime?
False
Suppose 13*p - 10*p = 2475. Suppose 0 = -o - 70 + p. Is o + (0 + -2)*-1 a prime number?
True
Let g(k) = 185*k + 410. Let m be g(-3). Let i = 4326 - 7314. Let q = m - i. Is q prime?
True
Let h(t) = 5*t - 45. Let a be h(9). Suppose a*r - 2*r + 2*w = -1686, 5*r = 2*w + 4203. Is r composite?
False
Is (-5 - 6/(1/(-1))) + (40282 - -14) a prime number?
False
Suppose 90647444 = 257*u + 59*u. Is u prime?
True
Suppose -16*v + 21*v = -145. Let m = v - -32. Suppose -g - 1100 = -c, -2*c - 1094 = -m*c - 5*g. Is c a prime number?
False
Suppose -14387 - 7723 = -3*m + 2*c, 3*c + 22107 = 3*m. Let a = m - 3222. Suppose -6*f = 4*f - a. Is f a prime number?
False
Suppose 45*f = 47*f + 5*w - 190654, 285981 = 3*f + w. Is f prime?
True
Suppose -11*v - 1009124 = -1649031 - 2350410. Is v a composite number?
True
Let t = 16481 + -6093. Suppose -5*q - t - 742 = 0. Let k = q + 7009. Is k a composite number?
False
Suppose 236*j = 149*j + 12800397. Is j prime?
False
Let d(i) = 2*i - 3. Let b be d(4). Suppose -b*c + 7524 + 5685 = 4*u, u + 4*c = 3305. Suppose -4*j = -u + 329. Is j a composite number?
False
Let c be (216/120)/(3/5). Is ((-28510)/(-25) - c) + (-3)/(-5) prime?
False
Let z = 61 + -48. Let w(p) = -4*p**2 + 55*p - 4. Is w(z) prime?
False
Let h(s) = 99599*s - 28. Is h(1) prime?
True
Let l be ((-108)/(-60))/((-3)/(-20)). Suppose l = -9*w + 13*w. Suppose -273 = -w*p + 3*k, -2*p + 0*p - 5*k + 196 = 0. Is p a composite number?
True
Let j = 117142 - -51249. Is j a composite number?
False
Let m = -50 - -79. Suppose m*t + 10 = 34*t. Suppose -d + 2*r - 2633 = -4*d, 2629 = 3*d - t*r. Is d prime?
True
Suppose 5*y = 2*v - 14817 - 10223, -5*v = -3*y - 15024. Let g = 10829 + y. Is g a composite number?
False
Let d = -43 - -44. Let l be d - 0 - 3/(3/(-2)). Suppose l*z = 5*z - 74. Is z a prime number?
True
Suppose -170 = m + 2*r, r + 4 = -0. Let x = 1340 - m. Is x prime?
False
Suppose 0 = -w - 5 + 8. Suppose x = w - 2. Let d(o) = 1098*o**3 - o**2. Is d(x) a composite number?
False
Suppose -3*a - 13*a + 48 = 0. Is ((2 + 4)/(-3) + a)*5347 a prime number?
True
Suppose -885029 = 669*n - 700*n + 104460. Is n composite?
True
Let n = 701412 - 201031. Is n composite?
True
Let c be (-25 - -264)/(-1*2 + 1). Let m = c - -426. Is m prime?
False
Let r(g) = -5*g + 16. Let f(v) = 2*v - 8. Let w(l) = -9*f(l) - 4*r(l). Let u be w(-5). Let j(p) = 216*p**2 - 2*p + 1. Is j(u) a composite number?
True
Suppose 43*b - o + 114148 = 44*b, 0 = 3*o + 9. Is b composite?
True
Is 4 + (-5136354)/(-14) - (8 + 300/(-35)) prime?
False
Let o(c) = -c**3 + 16*c**2 + 21*c + 3. Let b be o(17). Suppose a - b = -j + 3*a, 4*j + a = 329. Suppose -i = -50 - j. Is i prime?
True
Suppose 19*d = 121*d + 215428 - 3195154. Is d a prime number?
False
Suppose 3558 = -c + 2*q, 4*q + 0*q = -4*c - 14208. Let j = -463 - c. Is j a prime number?
False
Suppose 3*j - 42 = -3*x, -5*x - 9 - 1 = -3*j. Let p be (-3 - -1)*j/(-4). Suppose r = p*r - 5*g - 1646, 8 = -4*g. Is r a prime number?
True
Suppose 13299 - 4791 = 12*i. Is i composite?
False
Suppose -13*o + 15*o + 4*h = 18, -4*o - 3*h = -21. Is 2219/2 + 1*o/(-6) composite?
False
Is (89511851/136)/11 + (-1)/8 prime?
False
Suppose y + 1609 = -916. Let q = y - -6547. Is q a prime number?
False
Let i be -1*(-1*13 + 0). Suppose 3*j - 14 = -5*f, -539*j + f - 6 = -540*j. Suppose 1490 = i*d - j*d. Is d composite?
True
Suppose -3*f + 2*u + 22264 = 6*u, -4*f - 5*u + 29685 = 0. Suppose 7*r - f = -3*r. Suppose -2*h + r = -372. Is h prime?
True
Let j = 10716 + 2423. Is j prime?
False
Let t be (-2 - 42/(-18))*-75. Is (-5)/t + (-8088)/(-10) a composite number?
False
Suppose 2*k = 12, -39*p + 42*p - k = 2925. Is p a composite number?
False
Suppose -4*r + 261927 = 5*f, -258*f - 3*r = -261*f + 157167. Is f a composite number?
False
Let y = -125000 + 446407. Is y composite?
True
Let c(d) = 261*d + 11. Suppose 2*y - 5*k = 6*y - 4, -5*y + k + 5 = 0. Let z be ((-4)/3)/(y/(-2))*3. Is c(z) composite?
False
Suppose -5*b + 24 = 2*o, 4*b + o = 23 - 5. Suppose 4*n - 23012 = -g - 8640, b*n + 2*g - 14372 = 0. Is n composite?
False
Suppose -6*s + 17*s - 158924 = 7*s. Is s composite?
True
Suppose -91 = -26*k - 13. Let q be (1 + -2 + 1)/2. Suppose q = -u + 6*u - 15, -k*r + 564 = 3*u. Is r a prime number?
False
Let x(f) = -f**3 - f**2 + 2*f + 1. Let g(j) = -26*j**3 + 6*j**2 + 2*j - 6. Let w(u) = -g(u) - x(u). Is w(4) a composite number?
False
Suppose -72213 - 34348 = -7*f. Is f composite?
True
Suppose 7*t = 31 + 18. Suppose 1631 = -t*k - 0*k. Let v = k - -360. Is v composite?
False
Suppose -43*t + 44*t = 68367. Suppose -49786 = -7*j + t. Is j prime?
True
Is (2 - 4/18*6)/((-60)/(-5349690)) prime?
True
Let r = -46 - -45. Let y be r*(-1 + -2) - -4658. Let t = 8490 - y. Is t prime?
False
Let j(t) = -t**3 - 15*t**2 - 12*t + 18. Let z be j(-14). Let s be z/25 - 27/(-5). Suppose 0 = s*w + 4*w - 17109. Is w a composite number?
False
Let n(j) = 36*j**2 + 21*j - 3131. Is n(-56) a prime number?
False
Let u = 6539 + -3324. Let a = 5746 - u. Is a a composite number?
False
Suppose -2*i - 10415 = -0*p - p, 3 = -3*i. Let r = -38 + 23. Is (-1)/(p/(-25995) + (-6)/r) a composite number?
False
Let i = -584 + 1337. Suppose -u - i = 2*u. Let a = u + 466. Is a a prime number?
False
Suppose -3*d + 12099 = 2*o, 5*o - 30216 = 12*d - 9*d. Let k = 11950 - o. Is k composite?
True
Let c(s) = 14*s**2 + 9*s + 17. Suppose -39*g + 58*g + 114 = 0. Is c(g) a prime number?
True
Suppose 2 + 178 = 5*f. Let h = f - 34. Is (-1)/h - 5751/(-18) prime?
False
Let o = -40 + 34. Let g be 1*o/(-6 + 3). Suppose -3*c = -2*w + g*c + 334, 0 = -w - 3*c + 167. Is w a prime number?
True
Let t(g) = -5*g - 18. Let b be t(-4). Suppose -b*y - 1 = 5*o - 0, -4*y + 5 = 3*o. Let q(c) = 264*c + 9. Is q(y) composite?
True
Let t be 22/(-55) + 44/10. Is (-6614)/t*(5 + (-9 - -2)) composite?
False
Let f = -51 + 53. Suppose -z - 12 = -2*y, 3*z + 24 = 4*y + f*z. Suppose -y*m - 3786 = -8*m. Is m composite?
True
Let m = -13 - -21. Let c(l) = 6002*l + 5985*l - 11999*l + 3*l**2 + 10. Is c(m) a composite number?
True
Let i = -52 - -61. Let o(y) = i*y - 8*y + 2 + 38*y**2 - 4*y. Is o(-5) prime?
True
Let r(k) = -2996*k + 37. Suppose -2*c - 22 = -y, 4*c + y + 6 = -38. Is r(c) a c